g = 2*d + 15897. Is g a composite number?
True
Let m be 203/21 - (4/6)/1. Suppose m - 4574 = -11*s. Is s prime?
False
Suppose -2*y + 4*y = 62. Let r = y + -29. Suppose -r*o - 957 = -5*o. Is o a prime number?
False
Suppose a = 9*a - 72. Let d(y) = y**3 - 11*y**2 + 19*y + 10. Is d(a) a prime number?
True
Let w(s) = -3*s + 3. Let t be w(-9). Let j = 11 + t. Suppose 0 = 2*m + j - 655. Is m a prime number?
True
Is 5795 + (-1)/(8/16) a composite number?
True
Suppose 8 = z + 5. Suppose z*k + 3637 = 4*k + 5*b, -4*k = 2*b - 14584. Is k a prime number?
False
Let h be 2/6*(-6 + 24). Suppose 0 = 4*u + 5*l - 26, h*u + 4*l = u + 28. Suppose 0 = x + x + u*q - 486, 0 = 3*x - q - 757. Is x composite?
False
Suppose 0*b + 4277 = 5*b + 4*u, 0 = 2*b + 4*u - 1718. Suppose 5*h - 5119 + 854 = -2*l, 5*l + b = h. Is h composite?
False
Let w be 3 + (167/(-4))/((-3)/84). Suppose 4*j + 4*l - w = 0, -3*j + 3*l = -0*l - 909. Is j a composite number?
True
Let j(z) = -705*z + 52. Is j(-43) a composite number?
False
Suppose 4*p + 4 = 0, -5*l + 2*p + 1368 = 4*p. Is l composite?
True
Let y(a) = -3*a + 2. Let d be y(-3). Suppose 535 = 4*z + d. Is z a prime number?
True
Let s(h) = 559*h - 68. Is s(21) composite?
True
Let q be (9/9)/(2 - (-52598)/(-26300)). Is (-14)/28 + q/4 composite?
True
Let p = -199 + 458. Is p prime?
False
Let l be (1 - 0)/(7/455). Let u = 1 - -1. Let z = l + u. Is z a composite number?
False
Is 92/20*(1 + 6244) a prime number?
False
Suppose -4*g - u - 36 = 0, -7*u = -3*g - 2*u - 50. Let b(z) = -z**2 - 13*z - 1. Let r be b(g). Suppose 0 = -5*l + r + 756. Is l composite?
False
Let b be (-969)/68 + 1/4. Is -3 + 7/(b/(-1060)) prime?
False
Suppose 18 = -2*b + 4*b - 2*n, 27 = 3*b + 3*n. Suppose -7*o = -b*o + 3838. Is o prime?
False
Is 8/(-48)*-8402*3 composite?
False
Suppose 17*k - 21*k - 2*q + 11062 = 0, -6 = 2*q. Is k composite?
False
Let n be 1*0*(1 + -2). Let s be 10700/14 + (0 - 12/42). Suppose n = -6*m + 2*m + s. Is m a composite number?
False
Let y be (2 + -1)*-3 - -6. Let z = 3 - y. Suppose -2*i + 0*j = 3*j - 823, z = -i - 2*j + 409. Is i a prime number?
True
Let d(l) be the third derivative of 16*l**7/315 + l**6/720 - l**4/24 - l**2. Let c(w) be the second derivative of d(w). Is c(-1) a composite number?
False
Let d(k) = -2*k**2 - 19*k - 12. Let s be d(-9). Let y be 3860/(-15)*-1*s. Let m = 217 - y. Is m composite?
True
Suppose -363 - 1747 = 5*g. Let m = g - -729. Is m a prime number?
True
Let i(y) = -8 - y**3 - y**2 + 7*y - 15 + 29. Is i(-5) a composite number?
False
Is (2/(-4))/(7 + 837234/(-119604)) a prime number?
True
Let s = -1304 + 2852. Let p = 2674 - s. Is p composite?
True
Let x(f) = f**3 - 6*f**2 + f - 9. Suppose 6 = v + v. Let r be 6 + -3 + v + 1. Is x(r) prime?
True
Let z(i) = -8*i - 56. Let d be z(-11). Is (-1 - -3)/(d/47024) prime?
True
Let u(f) = -89*f + 38. Let b(x) = -89*x + 38. Let n(y) = 3*b(y) - 4*u(y). Is n(5) a prime number?
False
Let h(j) = 193*j**2 - 13*j - 67. Is h(-4) a composite number?
True
Let b be (-280)/3*4/((-4)/(-21)). Let a = b - -3677. Is a a prime number?
False
Suppose 0*c - 4321 = -i + 2*c, -17329 = -4*i - c. Is i composite?
True
Let j(d) = 690*d**3 - d. Let q be 2*(-1)/1 + 1*3. Is j(q) composite?
True
Let o(z) = -386*z**3 + 4*z**2 + z - 1 - z**2 - 224*z**3. Is o(-1) prime?
False
Suppose -4*a - 8 = -8*a, -4*v + 4*a + 76 = 0. Is v/14*(-602)/(-3) composite?
True
Let j(u) be the first derivative of -23*u**3/6 + 3*u**2 - 7*u - 8. Let r(p) be the first derivative of j(p). Is r(-9) a composite number?
True
Suppose -9*i = -1547 - 2512. Let z = 822 - 148. Let o = z - i. Is o composite?
False
Let m be 2950/(-20)*4/5. Let y = -69 - m. Is y a composite number?
True
Let i(h) = 1753*h**2 - 41*h + 7. Is i(3) prime?
True
Let v(d) = 5 + 7 + 6*d + d - 1. Let u be v(9). Let r = u - 41. Is r prime?
False
Suppose 77*i + 40644 = 95*i. Is i a prime number?
False
Let l(x) = 17*x**3 - x**2. Let f be l(-1). Is 2522*1/(-3)*f/12 prime?
False
Let i be ((-1)/(-2))/((-3)/(-12)). Let x be -2 + i/(-3)*-6. Suppose -x*b + 84 + 224 = 2*k, -6 = 2*k. Is b a prime number?
True
Is ((-39042)/(-4) - -5)/(5/10) prime?
True
Suppose 238940 = 5*z - 205175. Is z a prime number?
False
Let p(l) = -l**3 - 12*l**2 - 5*l + 10. Let z be p(-5). Let t be 3/9 + (-52)/3. Let d = t - z. Is d a composite number?
True
Let w(r) = 288*r - 127. Is w(18) composite?
True
Let t(c) = -c**2 + 32*c - 34. Let k be t(31). Let i(z) = -3 - z**3 - 1 + z**2 - z**3. Is i(k) composite?
False
Let m = 7645 + 1354. Is m composite?
False
Suppose -43 = 4*u - 2*r - r, 2*u + r + 19 = 0. Is (-5)/u*-206*-5 a composite number?
True
Let z = -5 + 4. Is (8/(-12))/(26115/(-26109) - z) composite?
True
Let n = 15 + -11. Let k(p) = -6*p**2 + 3*p - 2. Let j(v) = -v**3 + 11*v**2 - 6*v + 3. Let q(g) = -3*j(g) - 5*k(g). Is q(n) composite?
False
Let s be ((5 - 8)*-104)/(4/(-6)). Let f = -543 - -286. Let b = f - s. Is b a composite number?
False
Let t(y) = y**3 - 3*y**2 - 4. Let x be t(4). Let z = x - 8. Suppose -1498 = -4*i - 2*a, 2*a = -z*i + 4*a + 1518. Is i a prime number?
False
Suppose 0 = -7*m + 12120 + 15649. Is m a prime number?
True
Let j(l) = 1 + 121*l - 292*l - 383*l. Is j(-2) a composite number?
False
Let q(d) = -126*d - 169. Is q(-17) a prime number?
True
Let w be (3 + -4)/(4/(-8)). Suppose w*n = -i + 183, -3*n + 108 = -2*n - 5*i. Is n a prime number?
False
Suppose 161*h - 92 = 159*h. Suppose -2*s + 6 = -2*n - 0*n, 15 = 5*s + 2*n. Is (5 - s)*h/4 composite?
False
Let u(n) = -401*n + 97. Is u(-6) prime?
True
Let g(t) = 13520*t**2 + 3*t. Is g(1) a composite number?
False
Suppose 3*f - 1390 = -h, 4*h - 524 + 2852 = 5*f. Let q = 459 + f. Is q a composite number?
True
Let q(y) = -y - 4. Let l be q(-7). Suppose 2 = v + l. Is (-3)/(0 + v) - -406 a prime number?
True
Suppose -18*m = -4*m - 6706. Is m a composite number?
False
Let r(i) = 7*i**3 + 5*i**2 - 4*i + 1. Let o be r(4). Let x(t) = 4*t**2 - 7*t - 10. Let p be x(-8). Let u = o - p. Is u a composite number?
False
Is (63/6 + -10)/(1/19466) a composite number?
False
Let i be 1900/(-4) + -2 - -3. Let c = i + 689. Is c prime?
False
Let y be ((-5)/2)/((-2)/4). Suppose 3*o = -y*o + 3304. Is o a prime number?
False
Suppose 4 = h, -t + 400 - 1728 = -5*h. Let o = -521 - t. Is o prime?
True
Suppose n + 31 = 3*t, 0 = 4*t + 4*n - 8*n - 52. Let m be 2/t + (-2876)/(-18). Suppose -172 = -2*o - u + 2*u, 2*o + 5*u - m = 0. Is o composite?
True
Suppose 0 = -31*b + 20699 - 1138. Is b a prime number?
True
Suppose 2*c - v = 3693, 101 = -4*c - v + 7490. Is c composite?
False
Let v be 214/6 - (-2)/(-3). Suppose v - 257 = -3*t. Is t composite?
True
Let f = 29 + -27. Suppose 5*a = -2*c + 3*c - 435, f*a + 5*c = -174. Let l = a + 134. Is l a composite number?
False
Let g = -40 + 40. Is 409 - (1 + g + 1) a prime number?
False
Let g = -1075 - -6117. Is g a composite number?
True
Let n = 1 - -10. Let t(p) = 47*p + 12. Is t(n) prime?
False
Let z = -10 - -18. Let b(s) = -5*s**3 + 13*s**2 - 9*s - 5. Let j(f) = -6*f**3 + 14*f**2 - 10*f - 4. Let y(a) = 5*b(a) - 4*j(a). Is y(z) prime?
False
Suppose -4*h = -6*h - 130. Let t = h - -244. Is t prime?
True
Let q(d) = 4*d + 26. Let v be q(6). Suppose v = 2*a - 276. Is a a composite number?
False
Suppose -552 - 446 = -5*v + 2*w, 0 = v - 5*w - 218. Suppose -v = -n - 69. Is n prime?
False
Let o = 1164 + 803. Is o a composite number?
True
Suppose 413 = 2*w - 3*q - 382, 2*w - 800 = 4*q. Let z = w + -185. Is z prime?
False
Let m(v) = 9*v - 8. Suppose 2*q - 14 = 3*y - 37, 0 = -2*y - 3*q + 11. Is m(y) a composite number?
True
Suppose -2*v + 21 = -5*v. Let h be -6*((-14924)/(-8))/v. Suppose -h = -6*q - 57. Is q composite?
False
Suppose -3*x + 5 = 893. Let i = 691 + x. Is i composite?
True
Let b be (-3 - (1 - -5))/1. Let z = b + 29. Suppose 0 = -19*v + z*v - 355. Is v a prime number?
False
Suppose 2*t + 4*q - 543 = 831, -4*t + 2734 = q. Let x = t + -460. Is x composite?
False
Suppose -4*s + 3212 = 4*l, 4*l - 54 = -s + 749. Suppose -2375 = -4*n - s. Is n a prime number?
False
Let o(q) = 3*q**3 - 7*q**2 + 4*q + 3. Suppose 10*y - 5*y = 25. Is o(y) a prime number?
True
Let t(g) = -101*g**2 - 6*g + 4. Let v(m) = m**2 - 7*m + 2. Let h be v(7). Let c(x) = 34*x**2 + 2*x - 1. Let w(r) = h*t(r) + 7*c(r). Is w(3) a prime number?
True
Suppose 0 = -0*v + 2*v - 6. Su